ose 2*z + 2*y + 28 = -z, -2*y = -5*z - 20. What is the units digit of w(z)?
1
Let p = -1 - -1. Let x = 134 - 131. Suppose p = -x*r - 12, 2*y - 38 = 2*r + 54. What is the tens digit of y?
4
Let n = 879 - 353. Suppose -n = -4*o + 5*s - 127, -o + 5*s = -96. What is the hundreds digit of o?
1
Suppose -17*c + 15*c = 5*s - 16152, -3*s + 4*c + 9686 = 0. What is the tens digit of s?
3
Suppose 10995 - 2416 = 23*h. What is the tens digit of h?
7
Suppose 0 = d + 5*o - 10*o + 259, 0 = 4*d - 5*o + 1111. What is the tens digit of (9/(-6))/(6/d)?
7
Let w = 1888 - 839. What is the thousands digit of w?
1
Suppose -3*k - 12 = -2*z + z, 0 = -3*z - k - 14. What is the hundreds digit of -3 + (12/3 + z - -179)?
1
What is the units digit of -5 - (-1)/1 - (3 + -164)?
7
Let x(n) = -n**3 - n + 10. Let y be x(0). Suppose 5*o - y = 0, -4*i = i - 5*o - 305. What is the units digit of i?
3
What is the units digit of 3/(-2)*5004/(-27)?
8
Suppose 1039 = 4*t - k, 5*k = 4*t - 537 - 498. What is the hundreds digit of t?
2
Suppose 6*q - 19 + 7 = 0. Let c(m) = 21*m**3 + 4*m**2 - 3*m + 2. What is the tens digit of c(q)?
8
Let l(s) be the second derivative of 0 + 10*s - 11/2*s**2 + 13/6*s**3. What is the units digit of l(5)?
4
Suppose 3*x + 2*b + 2*b = 306, 5*x - 510 = 5*b. Let w = x - 44. What is the tens digit of w?
5
Let t = -44 - -59. What is the tens digit of 12/t*(0 - -90)?
7
Suppose 4*y = -y + 10. Suppose -292 = -2*x + 3*b, y*b - 486 = -3*x - 61. What is the units digit of x?
3
Let x(r) = -r - 1. Let m(t) = 18*t + 3 + 4*t + 0*t + 1. Let p(q) = m(q) + 5*x(q). What is the tens digit of p(1)?
1
Suppose -h + 0*h + 3 = 0. Suppose 0 = -h*b + 25 + 260. What is the units digit of 2/4*(b - 3)?
6
Suppose -113 = -l + 2*p, -4*l - 4*p + 145 = -295. What is the tens digit of l?
1
Suppose 28*o - 7344 = 25*o. What is the units digit of o?
8
Let m(v) = 8*v**2 + 11*v - 25. What is the hundreds digit of m(-14)?
3
Let n = -7 - -8. Let o be -2*((-20)/(-8) - 1). What is the units digit of 14 + (o - -4) + n?
6
Let y(c) = -5*c**3 + 2*c**2 + c - 7. Let z be y(-3). Let x be (1/1)/((-13)/z). Let v(s) = s**3 + 11*s**2 - 4*s - 14. What is the units digit of v(x)?
0
Suppose -4*h = 4*q - 5940, -4 = -h - 9. What is the hundreds digit of q?
4
Let a = -533 + 908. What is the hundreds digit of a?
3
What is the hundreds digit of (32/3)/((-17)/(-1326))?
8
Let y(o) = -2*o - 9. Let q be y(-6). Suppose 0 = -4*h + q*x + 188, h + x = 4*h - 146. Let b = 75 - h. What is the units digit of b?
5
Let v = -155 + 158. What is the units digit of 27 - ((-4)/2 + v + 0)?
6
Suppose 3*g + 2*j = 7167 + 1228, -j = g - 2800. What is the hundreds digit of g?
7
Suppose -4*p + 1123 = -b + 220, p + 2*b = 228. Suppose -5*k = 3*n - 0*k - 331, -2*n + p = 2*k. What is the hundreds digit of n?
1
Let l be (-10)/6 + 377/39. Suppose 0 = -y + l + 2. What is the units digit of y?
0
Let z(h) = -h - 4. Let p be z(-7). Suppose r - p = -4. What is the units digit of -4 - r - (-5 + -1)?
3
Let k be (-198)/(-24) + 5 - 6/(-8). What is the units digit of 2594/k - ((-35)/49 + 1)?
5
Suppose -3053 = -7*u + 1287. What is the hundreds digit of u?
6
Let i = -2537 + 3990. What is the hundreds digit of i?
4
Let c = 38 - 29. Suppose -5*a - 988 = -c*a. What is the hundreds digit of a?
2
Suppose o - 3*w = 2*w + 565, o + 5*w - 535 = 0. Suppose -11*n + 6*n = o. What is the tens digit of 4/(-12) - n/6?
1
Let x be -1*(-9)/(-12)*4. Let d be (x + 0)*(-20)/12. Suppose 6*z - 17 = d*z. What is the units digit of z?
7
Let t = 393 - 265. Suppose -2*s - t = -5*w + 119, 2*w - 4*s = 86. What is the tens digit of w?
5
Suppose 0 = -21*m + 2327 + 10567. What is the hundreds digit of m?
6
Let m(w) = -w**2 + 28. Let f be m(7). What is the hundreds digit of (-450)/(-4) + f/(-14)?
1
Suppose g + 0*g + 3 = 0. Let z be 0 - (-6 - g - 14). Suppose -3*d = -2*w + z + 13, -d + 15 = w. What is the units digit of w?
5
Suppose 5*a - 2183 = -3*w + 4*a, -3*a = -5*w + 3615. What is the tens digit of w?
2
Let n = 11 + -8. Suppose 4*k + n = 35. Suppose 0 = f + k - 30. What is the tens digit of f?
2
Suppose -2*v - 3*v - 5 = 0. What is the hundreds digit of (-5)/5 - (v - (134 + 2))?
1
Let l be ((-15)/6)/((-3)/60). Let t be (2/5)/(4/l). Suppose 5*o = -t*a + 3*a + 94, -2*a + 74 = 4*o. What is the tens digit of o?
2
What is the thousands digit of (8892/78)/((-118)/124 + 1)?
2
Let t(x) = x**3 + x + 17. What is the hundreds digit of t(5)?
1
Suppose 92 = 32*p + 28. Let i be ((-4)/(-3))/((-1)/(-51)). Suppose z + 115 = p*l, -3*l - 3*z + i = -2*l. What is the tens digit of l?
5
Suppose 2*l - 44 = 4*x, 3*x - 121 = 2*l - 6*l. Let c = 24 + l. What is the tens digit of c?
5
Let v(k) = 27*k + 2. Let q be v(2). Let u = q - 5. What is the tens digit of u?
5
Let x(g) = -2*g - 5. Suppose -10 = -5*o + 60. Suppose 0*l - o = 2*l. What is the units digit of x(l)?
9
Let s(m) = 188*m**3 + m**2 - m. What is the units digit of s(1)?
8
Suppose -4*u + 4*p + 116 = 0, -u - 3*p + 5*p = -28. Let y = -5 + u. What is the tens digit of y?
2
Suppose -4*b - 626 = -2*c, -4*b - 4*c + 3*c = 611. Let r = b - -262. What is the tens digit of r?
0
What is the thousands digit of -1 + (10 - 10 - -2855)?
2
Let y(r) = -6*r**2 - 7*r + 6. Let m be y(2). What is the tens digit of 440/m*(-3 - 9)?
6
What is the hundreds digit of (-20)/25 + (-2399)/(-5)?
4
Let y(k) = -k**2 - k + 3. Let c be 0/((-3)/(6/4)). Let h be y(c). Suppose 5*g = -5*a + h*g + 260, -g = 5. What is the tens digit of a?
5
Let h = -6 - 3. Let z = h + 9. Let p(f) = f**3 + 25. What is the tens digit of p(z)?
2
Suppose 8*n - 15*n + 147 = 0. Suppose n = 5*i + 11. Suppose 2*f - 13 = 4*b + 1, -3*f + 21 = i*b. What is the units digit of f?
7
Let s(q) = -q**2 + 4 + 0 - 2*q - 2*q. Let p be s(-4). Suppose 19 = 3*i + g, p*i - 19 = -4*g + 17. What is the units digit of i?
5
Suppose -2*o + 3*v + 65 = 2*o, -3*v = 3*o - 54. Let k(g) = 4*g**2 + g - 1. Let t be k(-2). Let d = o - t. What is the units digit of d?
4
Suppose 0 = -3*f + 4 + 2. Let z = -36 + 43. Suppose -z*m + 170 = -f*m. What is the tens digit of m?
3
Let y be (2/((-16)/46))/(1/(-28)). Suppose o - y = 3*s - 39, 4*o - 5*s = 474. What is the tens digit of o?
1
Let t(k) = 5*k**2 + 3*k - 9. Let c be t(2). Let y = 25 + c. What is the units digit of y?
2
Suppose 5*k + 890 = 5*h, -4*h + 605 = 5*k - 71. What is the hundreds digit of h?
1
Suppose 0 = 5*r + 20 + 30. Let a(l) = -l**3 - 10*l**2 + 2. Let d be a(r). Suppose -d*b + 66 = -0*b. What is the tens digit of b?
3
Let q(n) = 6*n - 8. Let z be q(11). Let i = z - 42. What is the units digit of i?
6
What is the units digit of (-14234)/(-11)*(-1)/(8/(-4))?
7
What is the units digit of (785/3)/(70/84)?
4
Let j(b) = 11*b**2 - 19*b - 166. What is the hundreds digit of j(-9)?
8
Let i be 326/9 + (-8)/36. Suppose i - 95 = -w. What is the units digit of w?
9
Let j(z) = 2*z**3 + 3*z**2 + 7*z. What is the units digit of j(6)?
2
What is the units digit of (-16180)/(-25)*35/14?
8
Let k(y) = -350*y**3 - 4*y**2 - y + 2. What is the units digit of k(-1)?
9
Let h(f) = 48*f - 17. Let m(n) = 97*n - 34. Let s(b) = -7*h(b) + 3*m(b). What is the tens digit of s(-3)?
5
Let x = 343 - 206. Suppose 2*k = 243 + x. What is the tens digit of k?
9
Suppose 0 = -2*h + 6*h - 16. Suppose -h*x = -2*m - 200, -2*x - 2*m + 136 = x. What is the tens digit of x?
4
Suppose -t - 1 = -8*h + 5*h, h + 7 = 4*t. Suppose -4*n + 72 = -t*n. What is the units digit of n?
6
Let x be ((-570)/20)/((1/6)/(-1)). What is the tens digit of 27/(-18) - x/(-2)?
8
Let f = -302 - -1120. What is the units digit of f?
8
Let i be (9 + 6)/(2/26). Let r be (0 + 20/(-6))/((-6)/9). Suppose 0 = r*v + 5*f - i, 0 = 3*v - 3*f - f - 152. What is the tens digit of v?
4
Let o(z) = 5*z**2 + 12*z - 3. What is the units digit of o(7)?
6
Let p(w) = w**3 - 9*w**2 - 69*w - 58. What is the units digit of p(17)?
1
Let d = -13 - -7. Let l(o) = o + 5. Let b be l(d). What is the units digit of (-1 - -39) + (b - -2)?
9
Suppose 0*h + 2*h - 4*p + 4 = 0, 4*h - 2 = 3*p. Suppose -5*u + v + 159 = 0, -h = v + 2. What is the tens digit of u?
3
Suppose 2*u + 0 - 8 = 0. Suppose 2*v - 5*n = 111, 0 = -v + u*v + 2*n - 176. What is the tens digit of v?
5
Let o(a) = 5*a**2 + 11*a - 218. What is the thousands digit of o(-27)?
3
Let f = -65 - -314. What is the tens digit of f?
4
Let o(u) = 419*u**3 